Give o(9).
-1
Let s(o) = -2*o**2 + 13*o - 19. Determine s(8).
-43
Let b(x) = -x - 2. Calculate b(-13).
11
Let u(j) = -j**3 + 4*j**2 - 4*j + 7. Calculate u(3).
4
Let u(f) = 19*f**3 - 3*f**2 - f + 1. What is u(-1)?
-20
Let d(x) = 2*x - 1. Give d(2).
3
Let q(p) = -p + 6. Give q(8).
-2
Let p(r) = -9*r + 8. Give p(-1).
17
Let t(u) = 29*u**2 + 4*u + 2. Calculate t(-1).
27
Let m(v) = v + 7. Give m(-6).
1
Let t(o) = o**3 - 6*o**2 - 5*o - 11. Give t(7).
3
Let j(h) = -3*h**2 + 6*h - 5. What is j(4)?
-29
Let j(d) = -d**3 - 6*d**2 - 3*d + 4. Determine j(-3).
-14
Let f(l) = l**3 + 5*l**2 + 4*l - 4. What is f(-4)?
-4
Let x(a) = -2*a**2 - 3*a + 15. What is x(-4)?
-5
Let i(u) = u**2 - 35. What is i(0)?
-35
Let w(g) = -g**3 - 5*g**2 + 4*g + 26. Determine w(-4).
-6
Let f(b) = 6*b - 2. Give f(2).
10
Let t(r) = -r**2 - 2*r + 10. Determine t(7).
-53
Let g(r) = -r**3 + 58*r**2 - 164*r - 40. Give g(55).
15
Let z(o) = -o**3 - 3*o**2 + 5*o - 7. Calculate z(3).
-46
Let l(j) = j**3 + 42*j**2 - 184*j - 3. Give l(-46).
-3
Let h(n) = -56*n - 171. Determine h(-3).
-3
Let w(h) = 4*h - 5. Calculate w(-5).
-25
Let b(o) = -10*o - 11. Determine b(-5).
39
Let v(j) = 3*j + 18. What is v(3)?
27
Let g(d) = -3*d**2 + d + 104. Give g(0).
104
Let q(z) = -z - 22. What is q(-14)?
-8
Let x(q) = 13*q**3 - 3*q**2 - q + 4. Calculate x(2).
94
Let c(l) = l**3 + 12*l**2 - 26*l - 2. Determine c(-14).
-30
Let u(a) = 2*a**2 - 12*a + 6. What is u(6)?
6
Let o(s) = s**2 - 6*s - 7. Determine o(8).
9
Let w(k) = 5*k**2 + 2*k + 17. Calculate w(-5).
132
Let v(t) = 8*t**2 + 3*t - 4. What is v(1)?
7
Let g(t) = -6*t + 81. What is g(19)?
-33
Let w(d) = -d**2 + 11*d + 8. Calculate w(10).
18
Let a(g) = -g**3 + 6*g**2 - 10*g + 10. Determine a(4).
2
Let f(z) = -z**3 + 12*z**2 + 19*z - 80. Determine f(13).
-2
Let l(w) = 2*w**3 + 36*w**2 - 41*w - 41. Determine l(-19).
16
Let t(f) = f + 17. Give t(0).
17
Let j(t) = -t**2 - 5*t - 51. Calculate j(-8).
-75
Let a(x) = 8*x**2 + 63*x - 6. What is a(-8)?
2
Let i(d) = -d**3 + 12*d**2 - 40*d + 18. Calculate i(5).
-7
Let p(b) = b**2 - 21. What is p(-6)?
15
Let v(d) = -35*d - 14. Calculate v(-5).
161
Let t(m) = -4*m**2 + 7*m - 5. Calculate t(3).
-20
Let i(r) = 2*r**2 - 2*r + 1. Calculate i(3).
13
Let u(p) = 2*p - 10. Calculate u(7).
4
Let m(s) = -s**3 - 15*s**2 - 2*s - 14. Calculate m(-15).
16
Let u(z) = -z**3 + 8*z**2 - 9*z + 4. Calculate u(6).
22
Let k(m) = m**3 + 20*m**2 + 18*m - 2. What is k(-19)?
17
Let q(g) = 25*g - 231. What is q(9)?
-6
Let m(q) = 2*q - 6. Determine m(5).
4
Let v(a) = -27*a + 453. Give v(17).
-6
Let g(j) = 6*j**2 - j - 5. Determine g(2).
17
Let v(o) = -o**3 + 10*o**2 + 1. What is v(10)?
1
Let v(l) = -31*l - 10. Give v(-4).
114
Let i(w) = 4*w + 25. What is i(-8)?
-7
Let q(y) = y**2 - 12*y - 3. Give q(11).
-14
Let a(w) = w**2 - 4*w + 3. Calculate a(5).
8
Let b(a) = -a**2 - a - 7. What is b(-3)?
-13
Let c(x) = 30*x**3 + 2*x + 1. Calculate c(-1).
-31
Let p(i) = -i**3 + 19*i**2 - 32*i - 31. What is p(17)?
3
Let n(l) = 7*l**2 + 5*l + 1. Calculate n(-2).
19
Let q(v) = v**2 + 15*v + 11. Determine q(-15).
11
Let d(m) = -2*m + 19. What is d(9)?
1
Let d(b) = 2*b**3 - 5*b**2 - 4*b + 6. Determine d(5).
111
Let u(x) = -x**3 + 13*x**2 + 3*x - 47. Calculate u(13).
-8
Let x(k) = -k - 6. Give x(-6).
0
Let t(l) = -l**3 + 32*l**2 - 57*l - 93. Calculate t(30).
-3
Let s(g) = -2*g**2 + 14*g + 23. Calculate s(8).
7
Let f(b) = -b**3 - 3*b**2 + 14*b + 24. Determine f(-5).
4
Let p(q) = q**2 - 29*q + 175. Calculate p(19).
-15
Let z(n) = -21*n**3 + 1. Determine z(-1).
22
Let z(t) = t**2 - 16*t + 12. What is z(14)?
-16
Let h(i) = -i**3 + i**2 - i + 1. Determine h(1).
0
Let i(m) = -m**2 - 58*m - 354. Give i(-51).
3
Let v(a) = 11*a**2 + 6*a - 1. Determine v(2).
55
Let k(o) = 2*o**2 - 9*o - 19. What is k(7)?
16
Let k(q) = 3*q - 47. Determine k(19).
10
Let s(u) = u**3 - 10*u**2 + 11*u + 13. What is s(9)?
31
Let a(j) = -j**3 + 5*j**2 + 2*j + 5. What is a(0)?
5
Let m(r) = r**3 - 27*r**2 - 29*r + 34. Determine m(28).
6
Let n(x) = -x**2 - 6*x + 4. What is n(-8)?
-12
Let a(m) = m**2 + 20*m + 23. Give a(-15).
-52
Let h(c) = c**3 - 15*c**2 - 37*c + 51. Calculate h(17).
0
Let m(c) = -c - 16. Calculate m(-2).
-14
Let l(r) = 4*r**2 - 5*r + 10. Calculate l(4).
54
Let p(g) = g**2 + 5*g. Calculate p(-4).
-4
Let h(l) = -3*l - 20. Determine h(9).
-47
Let r(u) = 40*u**2 - 1. Calculate r(-1).
39
Let x(n) = -116*n + 1275. Give x(11).
-1
Let b(r) = 28*r - 136. Determine b(5).
4
Let g(n) = -5*n**3 - 6*n**2 - 9*n - 5. Calculate g(-1).
3
Let p(y) = 23*y + 114. What is p(-6)?
-24
Let w(f) = -f**3 + 16*f**2 + 16*f - 8. Determine w(17).
-25
Let p(m) = m**3 - 5*m**2 - 5*m + 11. Give p(6).
17
Let o(s) = s - 4. Determine o(-11).
-15
Let w(i) = 19*i + 79. Calculate w(-4).
3
Let i(a) = -4*a - 13. Determine i(-9).
23
Let i(a) = a**3 - 5*a**2 - 2*a - 8. Calculate i(6).
16
Let j(l) = 18*l - 115. Calculate j(10).
65
Let c(f) = f**3 + f**2 - 2*f - 3. Calculate c(-1).
-1
Let c(l) = l**3 + 15*l**2 + 9*l - 47. What is c(-14)?
23
Let u(i) = -i + 21. Give u(11).
10
Let c(z) = 4*z - 17. Calculate c(7).
11
Let i(z) = -z**3 - 6*z**2 - 2*z - 5. Calculate i(-4).
-29
Let u(p) = -3*p - 51. Calculate u(-20).
9
Let z(j) = j**2 + 16*j + 55. What is z(-12)?
7
Let x(o) = o**3 - 12*o**2 + 9*o + 13. Determine x(11).
-9
Let o(u) = -u**2 + 10*u - 9. Determine o(4).
15
Let v(k) = k**3 - 20*k**2 - 21*k - 16. Calculate v(21).
-16
Let m(p) = p - 7. What is m(-1)?
-8
Let i(q) = -36*q + 325. Determine i(9).
1
Let t(z) = -z - 3. Determine t(-2).
-1
Let o(n) = -n**2 + 11*n + 2. Give o(8).
26
Let y(k) = -2*k**2 + 12*k + 12. What is y(7)?
-2
Let s(m) = -6*m**2 + 30*m + 3. Calculate s(5).
3
Let v(d) = -d**3 - 8*d**2 + 2*d - 1. What is v(-8)?
-17
Let v(q) = -q**2 + 11*q - 33. Calculate v(6).
-3
Let z(a) = -a**3 - 9*a**2 - 11*a - 8. What is z(-7)?
-29
Let q(v) = -v**2 - 5*v + 12. Give q(-11).
-54
Let z(n) = -8*n - 9. Calculate z(5).
-49
Let c(h) = -h**3 - 3*h**2 + 13*h - 13. What is c(4)?
-73
Let n(f) = -f**3 + 24*f**2 - 42*f - 40. Calculate n(22).
4
Let f(u) = -5*u + 87. Calculate f(18).
-3
Let z(l) = 5*l + 7. What is z(10)?
57
Let o(d) = d**2 - 16*d + 12. Calculate o(16).
12
Let c(o) = -2*o + 2. Calculate c(8).
-14
Let x(l) = l**3 - 30*l**2 - l + 32. Calculate x(30).
2
Let s(a) = a**3 - 5*a**2 - a. Calculate s(6).
30
Let p(j) = -2*j**2 - 18*j - 5. What is p(-8)?
11
Let a(u) = 3*u**2 - 85*u + 19. Give a(28).
-9
Let k(f) = -3*f - 12. Give k(-7).
9
Let x(r) = -r**2 + 22*r - 76. Determine x(17).
9
Let h(v) = v**2 + v + 1. Give h(-3).
7
Let s(n) = 26*n + 180. Calculate s(-7).
-2
Let w(x) = x**3 + 16*x**2 - 17*x + 10. Give w(-17).
10
Let f(k) = 82*k + 4. Calculate f(-1).
-78
Let i(r) = -r**2 - 39*r - 69. Give i(-36).
39
Let x(g) = 12*g**3 - g**2 - g + 2. Calculate x(1).
12
Let t(g) = -9*g + 113. Determine t(10).
23
Let j(i) = i**3 + 4*i**2 + i - 7. Determine j(-5).
-37
Let c(u) = -2*u**2 + 13*u + 16. Calculate c(8).
-8
Let i(s) = 2*s + 17. Calculate i(-10).
-3
Let j(h) = 5*h**2 + 3*h. Give j(3).
54
Let v(u) = -14*u - 75. Give v(-6).
9
Let l(w) = -w**2 - 15*w + 27. Calculate l(-14).
41
Let h(c) = 88*c - 2108. What is h(24)?
4
Let d(m) = m**3 - 8*m**2 + 4*m + 10. Determine d(7).
-11
Let u(h) = h**2 - 11*h - 9. Calculate u(12).
3
Let m(l) = -4*l**2 + 3*l + 3. What is m(-3)?
-42
Let x(r) = -13*r. What is x(-1)?
13
Let a(x) = -6*x + 45. Calculate a(7).
3
Let p(c) = -9*c**3 + 4*c**2 - c - 2. Determine p(2).
-60
Let a(f) = 5*f + 16. Calculate a(-17).
-69
Let f(l) = -l**2 + 7*l - 9. Give f(3).
3
Let m(c) = -21*c**2 - c + 1. Give m(1).
-21
Let f(m) = 9*m - 30. Give f(-7).
-93
Let r(g) = 3*g**2 - 3*g + 6. What is r(4)?
42
Let c(i) = i**3 - 12*i**2 + 10*i + 16. Calculate c(11).
5
Let p(d) = d**2 - 2*d + 5. Give p(-4).
29
Let d(x) = x**3 + 4*x**2 - 7*x - 4. Calculate d(-5).
6
Let d(a) = a**3 + 38. Determine d(0).
38
Let m(q) = 6*q**2 + q - 1. Determine m(-2).
21
Let y(g) = -g - 32. Give y(-38).
6
Let v(m) = -10*m**2 - 9*m - 1. What is v(-1)?
-2
Let r(j) = -9*j - 3. Calculate r(-1).
6
Let k(p) = -p**3 - 9*p**2 + p + 4. Determine k(-9).
-5
Let y(x) = -x**2 - 7*x + 9. Give y(-7).
9
Let k(l) = -l - 14. What is k(0)?
-14
Let i(o) = 5*o - 39. Give i(9).
6
Let k(b) = -b + 10. Give k(-4).
14
Let b(f) = f**2 - 11*f + 9. What is b(10)?
-1
Let l(g) = 16*g + 33. Determine l(-3